omposite number?
False
Is 6176407 a composite number?
False
Is 241363697 a composite number?
False
Is 3374017 composite?
False
Is 300293267 a composite number?
True
Is 44003821 composite?
False
Is 1801511 a composite number?
True
Is 59045857 prime?
False
Is 1536037 composite?
False
Is 406384067 a composite number?
False
Is 76858279 prime?
False
Is 352879 composite?
True
Is 396077651 a composite number?
False
Is 134348771 composite?
True
Is 30522611 a prime number?
False
Is 246419 a prime number?
False
Is 70276751 prime?
True
Is 18718859 a composite number?
True
Is 86911 composite?
True
Is 137414603 a prime number?
True
Is 207443153 a prime number?
False
Is 361189 prime?
False
Is 192572351 composite?
False
Is 420598657 a prime number?
True
Is 268717 composite?
True
Is 1374299 prime?
True
Is 1272043 composite?
False
Is 8431277 prime?
False
Is 83056331 a prime number?
True
Is 91367 prime?
True
Is 3698615 a prime number?
False
Is 400035037 prime?
True
Is 67068878 a composite number?
True
Is 14324407 a prime number?
False
Is 18933841 a composite number?
True
Is 1031176831 composite?
False
Is 23639203 a prime number?
False
Is 379003 prime?
False
Is 32255329 a composite number?
False
Is 1117967 a composite number?
False
Is 1471577 a composite number?
True
Is 6001453 prime?
True
Is 21425561 prime?
False
Is 18174641 prime?
True
Is 18265993 composite?
False
Is 2472313 a prime number?
True
Is 17489469 composite?
True
Is 27908513 a composite number?
False
Is 428407897 a prime number?
False
Is 790351 a composite number?
False
Is 11580551 a prime number?
True
Is 1389697 a prime number?
True
Is 599999891 a prime number?
True
Is 3461011 a composite number?
False
Is 160915369 a prime number?
True
Is 15868103 a prime number?
True
Is 45273149 composite?
True
Is 252383 composite?
False
Is 324138713 a composite number?
True
Is 6524227 composite?
False
Is 12406945 a composite number?
True
Is 26332513 a composite number?
False
Is 81896519 prime?
True
Is 195313333 a composite number?
False
Is 29036081 a prime number?
True
Is 64837009 prime?
False
Is 14630531 prime?
False
Is 545097239 a composite number?
False
Is 16218259 a composite number?
False
Is 14719777 prime?
True
Is 77037469 a prime number?
True
Is 149050247 a composite number?
False
Is 2339801 a prime number?
False
Is 88338799 composite?
False
Is 3854141 a composite number?
True
Is 3742201 a composite number?
False
Is 288036367 prime?
True
Is 8849483 composite?
False
Is 8580383 a composite number?
True
Is 41004877 composite?
True
Is 279289 composite?
True
Is 154357283 a composite number?
False
Is 82669609 a composite number?
True
Is 6238887 a prime number?
False
Is 27656987 a prime number?
False
Is 26822273 a prime number?
False
Is 110180803 prime?
False
Is 12662657 a prime number?
False
Is 244679 prime?
False
Is 83653759 a composite number?
True
Is 1184261 composite?
True
Is 129263 a composite number?
False
Is 345697411 prime?
True
Is 9575039 a composite number?
False
Is 24170323 prime?
True
Is 2570849 prime?
True
Is 49713007 prime?
False
Is 3939989 composite?
False
Is 246587989 a prime number?
True
Is 2972758 a composite number?
True
Is 359755819 composite?
True
Is 17468117 composite?
False
Is 13621171 composite?
True
Is 12057541 prime?
True
Is 2882413 a prime number?
True
Is 3444179 composite?
True
Is 6609389 composite?
True
Is 256079 prime?
True
Is 6557623 a prime number?
True
Is 599256079 a prime number?
True
Is 338119 composite?
False
Is 50525221 composite?
True
Is 6510323 composite?
True
Is 21808558 a composite number?
True
Is 3189337 a prime number?
False
Is 1777611445 prime?
False
Is 732943 a composite number?
False
Is 29743289 a composite number?
True
Is 191629283 composite?
False
Is 5802143 prime?
True
Is 24365977 composite?
False
Is 17404769 a composite number?
False
Is 170603567 composite?
False
Is 280558063 prime?
True
Is 9144881 a prime number?
True
Is 340709 a prime number?
True
Is 26476973 prime?
False
Is 262254973 prime?
True
Is 20012837 composite?
True
Is 1367165 prime?
False
Is 20379151 a composite number?
True
Is 20335981 prime?
True
Is 141742919 a prime number?
False
Is 1708487 prime?
False
Is 1145663 composite?
True
Is 1053401 a composite number?
False
Is 4095305 composite?
True
Is 10566043 composite?
False
Is 5114957 prime?
True
Is 98976223 prime?
True
Is 7511483 prime?
False
Is 4116929 a prime number?
False
Is 42776917 prime?
True
Is 10363049 a composite number?
True
Is 2699473 a prime number?
False
Is 53937893 prime?
True
Is 1008467 a prime number?
True
Is 94619177 a prime number?
True
Is 2255191 a composite number?
False
Is 351875771 a prime number?
False
Is 235097 a prime number?
False
Is 3063403 prime?
False
Is 22437897 a composite number?
True
Is 1001959 a prime number?
False
Is 350455843 prime?
True
Is 1661003 a composite number?
False
Is 240224417 prime?
True
Is 23068379 a prime number?
False
Is 6904787 a prime number?
False
Is 758809117 composite?
True
Is 79657723 a prime number?
True
Is 12354211 a composite number?
True
Is 605461 prime?
False
Is 12141771 prime?
False
Is 180759053 a prime number?
True
Is 551884319 a prime number?
False
Is 395320463 a composite number?
True
Is 375109661 a composite number?
False
Is 8745733 a prime number?
False
Is 65036887 composite?
False
Is 3731939 a composite number?
True
Is 1922749 a composite number?
False
Is 471268163 a prime number?
True
Is 4624253 a prime number?
False
Is 62198651 prime?
False
Is 12350395 a composite number?
True
Is 4265407 prime?
False
Is 292175551 a prime number?
False
Is 28600943 prime?
False
Is 16639967 a composite number?
False
Is 1100653 prime?
True
Is 117842723 a prime number?
False
Is 6049753 a composite number?
False
Is 112927937 a composite number?
False
Is 825857 a composite number?
False
Is 559421 a composite number?
False
Is 184649789 a prime number?
False
Is 4334545 a composite number?
True
Is 33672197 composite?
True
Is 3211963 composite?
True
Is 92559959 composite?
True
Is 43661 a prime number?
True
Is 94278227 a composite number?
False
Is 25676689 a composite number?
False
Is 7165073 a prime number?
False
Is 162630791 a prime number?
True
Is 6055937 prime?
False
Is 47485841 a composite number?
True
Is 15765979 prime?
False
Is 41622481 prime?
False
Is 4033159 composite?
True
Is 12274219 prime?
True
Is 3241309 a composite number?
False
Is 2361343 prime?
True
Is 1657741 composite?
False
Is 1306537 prime?
False
Is 94039259 a prime number?
True
Is 12151409 prime?
True
Is 2816239 prime?
True
Is 17239409 a prime number?
False
Is 1531297 prime?
True
Is 85491619 a composite number?
True
Is 20350433 a prime number?
True
Is 85188169 prime?
False
Is 61107983 a composite number?
False
Is 1969343 prime?
True
Is 2866699 a composite number?
True
Is 52150403 a prime number?
False
Is 35302021 prime?
True
Is 1843693 a composite number?
True
Is 12117394 a composite number?
True
Is 4173359 a composite number?
False
Is 227764739 composite?
False
Is 5094773 prime?
True
Is 2988227 a prime number?
False
Is 279721 prime?
False
Is 267752383 prime?
True
Is 264060245 prime?
False
Is 5600053 prime?
False
Is 28070743 a composite number?
True
Is 19060543 composite?
False
Is 135841177 composite?
False
Is 7768243 prime?
False
Is 195670777 a composite number?
False
Is 2521469 prime?
True
Is 10177943 prime?
False
Is 54457219 prime?
False
Is 893763611 a composite number?
True
Is 38641181 a composite number?
False
Is 35440459 a prime number?
True
Is 735167 composite?
True
Is 69221473 a prime number?
True
Is 2232107 a composite number?
False
Is 48471481 a prime number?
True
Is 263400365 composite?
True
Is 3831310777 a composite number?
True
Is 1301119 prime?
True
Is 39617087 composite?
True
Is 805291 a composite number?
True
Is 1077255293 a composite number?
True
Is 21186985 prime?
False
Is 24851191 a prime number?
True
Is 182473537 a prime number?
False
Is 427908413 composite?
False
Is 38449321 prime?
True
Is 54869 a prime number?
True
Is 97056563 a prime number?
True
Is 1933643 a prime number?
True
Is 209297373 a composite number?
True
Is 59555954 composite?
True
Is 1026548543 a prime number?
True
Is 1902947 prime?
False
Is 978431 composite?
True
Is 3079423 a composite number?
True
Is 577477 prime?
False
Is 211921 prime?
False
Is 3339